t z(f) = -1838*f - 1838*f + 5523*f - 10*f**2 + 9 - 1841*f. Determine z(-1).
-7
Let z(q) be the first derivative of -q**3 + 3*q**2/2 - 3*q + 1572. What is z(3)?
-21
Let n(y) be the third derivative of -y**4/12 - 7*y**3/6 - 4*y**2. Suppose 14*s - 17*s - 3 = 9. Determine n(s).
1
Let m be 1/(((-1)/60)/((-294)/70)). Let c(v) = -v**3 + v + 3*v - 3*v + 1 - 253*v**2 + m*v**2. Calculate c(1).
0
Let y = -407 + 390. Let q(a) = -a**2 - 19*a + 3. Calculate q(y).
37
Suppose -d = 2*n - 101 + 115, 0 = 3*d - n. Let u(f) = -2*f**3 - 3*f**2 - 3*f - 3. Calculate u(d).
7
Let y(r) = r**3 - 48*r**2 - 141*r - 46. Let o(w) = 5*w**2 + 9*w + 2. Let t(v) = 6*o(v) + y(v). What is t(22)?
-12
Let f(i) = 82. Let g(u) = 3*u - 87. Let t(a) = -3*f(a) - 2*g(a). Determine t(-24).
72
Let m = -16 - 8. Let d = -20 - m. Suppose -2*w + w = -d*w. Let p(x) = -x + 3. Give p(w).
3
Let h(a) be the first derivative of -a**4/6 + a**3 + 11*a**2/2 + a + 7. Let n(k) be the second derivative of h(k). What is n(6)?
-18
Let b(q) = q + 3. Let h(y) = -15*y - 8. Let i be h(-1). Suppose -i*m - 54 = -m. Give b(m).
-6
Let k(j) = 6*j**3 + 75*j**2 - 11*j + 17. Let u(y) = 21*y**3 + 17*y**3 + 26*y**2 + 2 - 36*y**3 - 4*y + 4. Let c(r) = -6*k(r) + 17*u(r). What is c(-4)?
8
Let d(p) = p**2 + 19*p - 258. Let f be 85/(-51)*18/(-15) - (6 + -13). What is d(f)?
-6
Let q(k) = -113*k + 1263. Let a be q(11). Let p(w) = -w**3 + 20*w**2 + 2*w + 13. Give p(a).
53
Suppose 75*o + 0 + 0 = -0. Let h(r) = r + 48. Determine h(o).
48
Let l(v) = v - 5. Let d(i) = -15370*i + 15373*i + 6 - 1. Let t(n) = d(n) - 2*l(n). What is t(0)?
15
Let n be -2*(4 + (-2 - 2 - -2)). Let m = 72 + n. Let k = m + -62. Let i(l) = -l**2 + 5*l. Give i(k).
-6
Let q(c) = -c**3 - 6*c**2 - 5*c + 6. Let t be q(-5). Suppose -37 + 41 = 2*m. Let v(d) = -6 - d + m - 4 + 3 + 2*d. What is v(t)?
1
Let c(h) = 1130 - 1131 + 7*h - 26*h + 45*h**2 + 15*h + 12*h**2. Give c(-1).
60
Let l(c) = -c**3 - 59*c**2 - 81*c - 418. Let i(t) = t**2 + 4*t - 2. Let h(o) = -5*i(o) - l(o). Determine h(-53).
4
Let u be (-102 - -90)*(-5)/(45/6). Let q(z) = z**3 - 7*z**2 - 6*z - 28. Give q(u).
-12
Suppose -10897*b - 164 = -10856*b. Let k(i) = -69*i - 275. Give k(b).
1
Let h(c) = -2*c**2 - 554*c - 2203. Let d be h(-4). Let o(x) = 3*x**3 + 57*x**2 - 3*x - 56. Give o(d).
1
Let s(h) be the third derivative of -h**6/120 + h**5/15 + h**4/12 - h**3 + 87449*h**2. Let j = 5 + -1. Suppose -d = -j - 0. Determine s(d).
2
Let u(g) = -16*g**3 + 29*g - 4. Let j(v) = 3*v**3 - 6*v + 1. Suppose 39*n + 26 = 52*n. Let l(s) = n*u(s) + 11*j(s). What is l(3)?
6
Let r(w) be the second derivative of -w**5/20 + w**4 + w**3/3 + 68*w**2 - 314*w + 2. Determine r(13).
-7
Let m be (-1)/((-3)/441)*(-10)/(-10). Let k(j) = -4 - m*j**2 + 3*j + 146*j**2 - 2*j - 4. What is k(0)?
-8
Let z = -113 - -150. Let c(y) = -24 - 2*y - y + y - 15 + z. Determine c(-1).
0
Let a be (6*5/(-15))/(1/(-414)). Let x(s) = -a + 403 + s + 414. What is x(0)?
-11
Let y(q) = q**2 + 7*q + 1. Let l(t) = -t**2 - 18*t - 48. Let i be l(-14). Suppose -6*h - 40 = i. What is y(h)?
9
Let z(q) = q**2 - 147*q - 143. Let m be z(148). Let u(x) = -2*x**2 + 32*x - 102. Give u(m).
8
Let k be ((-5)/2)/(5/(-4)). Let l be (3 - k - (-8)/(-5))*-5. Let w(f) = -f + 2*f + l - 8 - 2. Give w(5).
-2
Suppose 63 = 14*y + 147. Suppose 10*j = 11*j - 2. Let f(h) = 16*h**3 + 8*h - 29*h**3 + 12*h**3 - 3 - 5*h**j. Give f(y).
-15
Let y be 14/21 + (1 - (-691)/3). Let d = y + -230. Let r(c) = -c**3 + 2*c**2 - 2*c. Determine r(d).
-4
Let f(c) = 16*c + 11. Let y be f(0). Let u(i) = 171*i**2 - 176*i**2 + i + i**3 + i + y - 3*i. Determine u(5).
6
Suppose -5*s + 3*s + 24 = 4*d, 5*d = 3*s - 14. Let k(n) = n**3 - 9*n**2 + 5*n + 2. What is k(s)?
-22
Suppose r - 138 = -4*r - x, 0 = 2*x + 4. Suppose -4*d + 0*d + r = 0. Let y(w) = -2*w**2 + 0*w**2 - 5*w - 3*w**2 + w**3 - d. What is y(6)?
-1
Let y(m) = m - 10. Let c(t) = 3*t - 29. Let i(z) = -3*c(z) + 8*y(z). Suppose 0 = 1172*h - 915*h. Calculate i(h).
7
Let a be (-3)/((-12)/(-8)) + -3 + 1. Let q be -4*a/8 - -1. Suppose q*x + 7 = -x + 3*p, -3*p = 4*x + 25. Let u(b) = b**3 + 4*b**2 + 3. Calculate u(x).
3
Suppose -42 = l - 3*l + 5*m, -56 = -4*l + 3*m. Let g be (9 - l)/(2/4). Let f(u) = -2*u. Let r(q) = q**3 + 2*q**2 - 9*q. Let v(x) = -4*f(x) + r(x). What is v(g)?
-28
Let r = -16 + 18. Suppose -59 = -2*d - 3*h, 7*h = -2*d + r*h + 69. Let m(k) = 10*k**2 - d*k**2 + k + 11*k**2 + 5*k. Give m(5).
5
Let o(z) = 10*z**2 + 8*z + z**3 - 35*z**2 + 13*z**2 + 12 + 9*z**2 + 8*z**2. Calculate o(-3).
6
Let p(d) = d**3 - 39*d**2 - 84*d + 82. Suppose 0 = 2*k - 2*u - 70, 46*u - 47*u + 416 = 10*k. Calculate p(k).
0
Let o(g) be the second derivative of -5/2*g**2 - 1/2*g**3 + 2*g + 0. Let c = 6407 - 6411. Give o(c).
7
Let i(k) = k + 12. Let o(l) = -1. Let a(b) = -i(b) - 4*o(b). Suppose -158 - 146 = 38*z. What is a(z)?
0
Let l(x) = x**3 - 8*x**2 - 10*x + 17. Let n be l(9). Let v(k) = -8 - k - n*k + k + 6*k**2 + k**3. Give v(-7).
-1
Let y(k) = k + 11. Suppose -3*u - 371 = -10*u. Suppose -3*c = 5*t + u, t + 3*c + 14 - 1 = 0. What is y(t)?
1
Suppose -j - 61 - 167 = 37*j. Let x(b) = 4*b**2 + 26*b. Give x(j).
-12
Let c(m) = -m - 7. Suppose -10*l - 53975 = -17375. Let t be -1 + 10/16 - l/(-480). Determine c(t).
1
Let s(k) = k**2 - 7*k - 4. Let w(h) = h**2 - 8*h - 5. Let i(b) = -4*s(b) + 3*w(b). Let g be -1 - -1 - 68*5/20. Let f = 14 + g. What is i(f)?
-20
Let q = 38630 - 38619. Let d(p) = p**2 - 10*p + 43. What is d(q)?
54
Let l(a) be the third derivative of -a**6/60 + a**5/30 + a**3/3 - 5*a**2. Let y(h) = h**3 - 11*h**2 + 12*h - 2. Let b be y(8). Let g = b + 100. What is l(g)?
-6
Let i be (-14)/(-12) + (-2)/12. Let z(c) = -2*c + 13*c - 11*c - i + c. Let g(m) = -5*m + 3. Let w be g(2). What is z(w)?
-8
Let d(k) = -k + 8. Let h(p) = -204*p + 20 + 202*p - 4. Let z(x) = -5*d(x) + 2*h(x). What is z(9)?
1
Suppose -5*a - 106 + 646 = 0. Suppose 3*b = -2*g - 0*g - 76, -2*g + 5*b - a = 0. Let m = g + 40. Let f(y) = y**3 + 5*y**2 - y - 4. Give f(m).
16
Let o(q) be the third derivative of q**5/60 - 17*q**3 - 2*q**2 + 87*q + 9. What is o(10)?
-2
Let l(k) = -11. Let j(p) = p - 10. Let o(h) = 6*j(h) - 5*l(h). Let y = -86387 + 86394. What is o(y)?
37
Let x(n) be the first derivative of -n**3 + 2*n**2 + 10*n + 3540. Give x(-4).
-54
Let g(d) = d**3 - 4*d**2 - 2*d + 7. Let l be g(4). Let i = 5 - 1. Let f(q) = 7*q - 3*q - i*q - 9*q**3. Calculate f(l).
9
Let a(o) = 947 + 941 - 1853 + 3*o - 6*o. Determine a(20).
-25
Let o = -675 - -679. Suppose 2*b = 4*f - 0*b + 22, -3*b = o*f - 3. Let n(y) = y**2 - 2*y - 2. Calculate n(f).
13
Let y = -482 - -611. Let b = 127 - y. Let a(z) = z**3 + 3*z**2 + 3*z. Determine a(b).
-2
Let k(y) = 2*y - 8. Let z be (6/9)/2*(7 + -4). Let g(r) = -2*r + 5 - z + 6 + 6. Let n be g(5). Calculate k(n).
4
Suppose 4*d = -5*m + m + 40, 4 = d + 3*m. Suppose 20 = h + 2*w, 3*w = -3*h + 61 - 16. Let b = h - d. Let v(l) = -2*l. Calculate v(b).
6
Let u(i) be the third derivative of 5*i**4/12 - 31*i**3/6 + 3*i**2 + 6. Let j(s) = 2*s - 6. Let f(y) = 22*j(y) - 4*u(y). Determine f(4).
8
Let w(f) be the first derivative of f**6/120 - f**5/30 + f**4/24 - 6*f**2 + 2*f - 31. Let h(p) be the second derivative of w(p). Give h(3).
12
Let h(p) = 5*p**2 - 545*p + 135. Let l(f) = f**2 - 122*f + 34. Let y(n) = -2*h(n) + 9*l(n). Give y(-11).
3
Let d(b) be the first derivative of b**2 + 4*b + 97. Let s(f) = 15*f + 99. Let r be s(-7). Calculate d(r).
-8
Let s be (-260)/25 + 2/5. Let c be 25/s*(-4 + 2). Let t(p) = -2*p - 4. Determine t(c).
-14
Let r(a) = -3*a - 1. Let q(o) = -o**2 - 24*o - 77. Let y be q(-6). Let p = 36 - y. Determine r(p).
-16
Let r(w) = -23*w + 11. Let k(b) = -b**3 - 47*b**2 - 9*b - 419. Let p be k(-47). Give r(p).
-81
Let y(m) = -m**3 + 6*m**2 + 8*m - 2. Let l be (10/130*13)/(1/7). Give y(l).
5
Let o(c) = -20*c - 541. Let p be o(-27). Suppose -2 = -3*h + 2*d + 8, 10 = 2*h - 3*d. Let j(u) = 3*u - 1 + h + 0 + 4*u. Determine j(p).
-6
Let d(x) = -9*x - 42. Let f(p) = p**3 - 22*p**2 + 57*p - 5. Let h be f(19). Determine d(h).
3
Let q(z) be the second derivative of 14*z + 9*z**2 - 1/6*z**3 - 1/12*z**4 + 0. Let m(c) be the first derivative of q(c). Determine m(2).
-5
Let y(b) = b**2 - 2*b - 78. Let r(n) = -3*n**2 + 5*n + 154. Let k(m) = 2*r(m) + 5*y(m). Calculate k(0).
-82
Let c = 5474 - 